8
Suppose 4*d + 43 = -w, 3*d - d = 3*w - 11. Let g be 2/d + (-602)/(-10). Calculate the greatest common divisor of g and 15.
15
Let o be (-3 + 7/3)/(20/(-750)). Calculate the highest common divisor of o and 125.
25
Let k be -1 - -5 - (1 + 0). Let a = 49 - 131. Let o = -55 - a. Calculate the highest common factor of k and o.
3
Suppose -2*p = -6*p + 220. What is the greatest common divisor of p and 22?
11
Let j(b) be the first derivative of 4*b**3/3 - b**2 - 3*b + 2. Let o be j(-6). Let t = 23 + -6. Calculate the highest common divisor of o and t.
17
Let g be ((-32)/(-12))/4 + (-746)/(-6). Let y be (-396)/(-16) + (-2)/(-8). Calculate the greatest common factor of y and g.
25
Let k be 7/1 + -3 + 2. Let p be (1 + (-4)/(-1))*6. Calculate the greatest common divisor of k and p.
6
Suppose 2*w - 5*u + 226 = 5*w, 5 = -5*u. Let o = 112 - w. What is the greatest common factor of o and 7?
7
Let w = -90 - -110. Calculate the highest common divisor of 180 and w.
20
Let c = 34 - -6. What is the greatest common factor of 16 and c?
8
Let d(y) = 12*y - 6. Let r be d(2). Calculate the highest common divisor of 2 and r.
2
Let l(v) = 2*v**2 - v - 5. Let y be l(6). Suppose 0 = 3*q + 16 - y. Let o = 16 + -10. What is the greatest common factor of q and o?
3
Suppose 3*u + 220 = 13*u. What is the greatest common factor of u and 22?
22
Let u = 1 - 7. Let i be ((-2)/u)/(1/33). Let m be ((-3)/9)/(4/(-132)). What is the greatest common factor of i and m?
11
Let w(l) = 9*l + 1. Let i be w(3). Let p(v) = -v**3 + 7*v**2 - 6*v - 4. Let s be p(5). Let x = i - s. What is the highest common factor of 4 and x?
4
Let o = -4 - -5. Let v be (-30)/(1 - o - 1). What is the highest common factor of 15 and v?
15
Suppose -5*u - 29 = -4, 2*v - 20 = 2*u. Calculate the highest common factor of v and 55.
5
Let h = 48 - 25. Let f = h + -6. What is the greatest common divisor of 119 and f?
17
Let p be (300/(-175))/(6/(-28)). Calculate the highest common divisor of 40 and p.
8
Let j(n) = -n**3 + 3*n**2 - 2. Let r(p) = 3*p**3 - 8*p**2 + p + 7. Let u(g) = 7*j(g) + 2*r(g). Let v be u(4). Calculate the highest common divisor of v and 12.
12
Let t(c) = 10*c + 38. Let v be t(-3). What is the greatest common divisor of v and 3?
1
Suppose 1 = 2*j - j. Let p = 10 + -11. Let q be (-10 - j)/(p/3). What is the greatest common divisor of q and 11?
11
Let j be 0 + (1 + 1)*1. Let v(y) = y**3 - 5*y**2 + 4. Let w be v(5). Suppose 4*u - 2*u = w. Calculate the greatest common divisor of j and u.
2
Suppose -12 = -2*p - 2*x, 3*p - 2*x = 35 + 3. What is the highest common divisor of p and 4?
2
Let s(i) = i**3 + 9*i**2 + 6*i - 10. Let p be s(-8). Let d be (-1 + 1)/(2/1). Suppose -5*m + 20 + 0 = d. Calculate the highest common divisor of m and p.
2
Let b(w) = w**2 - 5. Let d be b(-4). What is the highest common divisor of d and 55?
11
Suppose -6 - 6 = -2*b. Suppose -5*n + n = 5*t + 22, 4*n = -2*t - 16. Let g = n + b. Calculate the greatest common divisor of g and 3.
3
Let v = 22 - 19. Suppose 3*p = -u + 29 + 11, 44 = v*p - u. What is the greatest common factor of 21 and p?
7
Suppose -8 = -2*m, 3*l - 54 - 64 = -m. Calculate the highest common factor of l and 19.
19
Let h be 38 + (0 - (3 + -5)). Suppose 4*y - 52 + 12 = 0. What is the highest common factor of y and h?
10
Let c be (-6 - -3)*170/(-6). Calculate the highest common factor of 17 and c.
17
Suppose 0 = z - 3*z + 40. Calculate the greatest common divisor of 30 and z.
10
Let m be -2 - 38/(2*-1). Suppose 0 = v + r - 3, -m = -4*v - 2*r - r. Let p = 110 + -78. Calculate the highest common factor of v and p.
8
Let v(y) = -y - 5. Let a be v(-7). Suppose 0 = a*u + 2*g - 4, -g + 3*g + 10 = 0. What is the highest common divisor of u and 21?
7
Let r be 1/(-2)*-2 - -5. Let g be (-4 - -5 - 4)*-10. What is the highest common factor of g and r?
6
Let p be (1 - (-34)/6)*3. Suppose -4*i + 9 = -391. Calculate the greatest common divisor of p and i.
20
Suppose -7*w + 82 = -23. What is the greatest common divisor of 15 and w?
15
Suppose -4 = p - 6. Let j be (12/(-2) + 2)/(-1). Suppose -l - j*d = 2, -l + 43 = -3*d - 2*d. Calculate the highest common divisor of p and l.
2
Let w(x) = -x**2 + 7*x + 9. Let q be w(8). Suppose -5*u - 1 + 16 = 0. Calculate the highest common factor of q and u.
1
Let f = 12 - 8. Suppose -f*x - 2 + 486 = 0. Calculate the highest common factor of x and 11.
11
Let w = -2 - -3. Let p = 13 - 11. Suppose 0*r = p*r - 6. Calculate the greatest common divisor of w and r.
1
Suppose -2*r + 30 = -50. What is the highest common divisor of 32 and r?
8
Suppose -50 = 2*d - 3*d. Let g = 86 - d. Calculate the highest common factor of g and 9.
9
Let l be 1138/18 - -3*6/(-81). Calculate the highest common factor of l and 21.
21
Suppose -5*j + 5 = -0. Let u(q) = q**2 + q - 5. Let w be u(-4). What is the highest common divisor of w and j?
1
Let n(f) = f + 1. Let g be n(-1). Suppose 3*i - i - 8 = g. Suppose -5*y + 44 = 2*k, -15 = i*y + 1. Calculate the highest common divisor of 8 and k.
8
Let s be 1 + (-1)/1 - -2. Suppose -2 + 26 = s*l. Let a be (l/(-10))/(2/(-100)). What is the greatest common factor of a and 15?
15
Let n = -20 - -100. Calculate the highest common factor of n and 16.
16
Let s = 29 + -24. Calculate the greatest common factor of 2 and s.
1
Let f be -3*(1 + (-35)/3). Suppose 3*r + 4*t = -2*r - 15, 3*r + 4*t + 1 = 0. Let h = r + 55. Calculate the greatest common divisor of f and h.
16
Let t = -133 - -69. Let y = 172 + t. What is the highest common factor of 12 and y?
12
Let w be 34/6 - (-40)/30. What is the greatest common factor of 49 and w?
7
Suppose -k - 3*b + 5*b = -10, 3*k - 5*b = 28. Let s(r) = 3*r**2 - 2*r - 4. Let g be s(4). Suppose -2*c + 36 = -g. What is the highest common divisor of k and c?
6
Suppose -14 = -x + 26. Suppose j - 2*j - 2*v = -1, 5*j + x = -v. Let b be (-3)/j + (-62)/(-3). What is the greatest common divisor of 147 and b?
21
Let l = 8 + 8. Suppose -2*m - 2*d + 19 = -9, -5*m = 3*d - 74. What is the highest common factor of m and l?
16
Let w be -8*(-3)/(-6) - -5. What is the greatest common divisor of w and 7?
1
Let a be -5 - ((2 - -1) + -6). Let v be (-13)/26 - 13/a. What is the greatest common factor of v and 24?
6
Suppose -2*n = 4*t + 6 - 48, -48 = -5*t + 2*n. Let c(w) = w**3 - 13*w**2 - 8*w - 14. Let x be c(14). Calculate the highest common divisor of x and t.
10
Let c be 17 + 1 - (2 + 0). Let p be (-4)/20 - 1036/(-5). Let u = p - 127. What is the greatest common factor of u and c?
16
Suppose 0 = 4*l + 2*q + 2*q - 80, -3*l + 25 = -4*q. What is the highest common divisor of 3 and l?
3
Suppose -k + 3*p = -15, -2*p + 54 = k + k. What is the highest common divisor of 12 and k?
12
Let r = 6 + -1. Suppose r*v - 123 = 87. Suppose 0 = i - 3*n - 32 + 9, 2*i - 4*n = 40. Calculate the greatest common factor of i and v.
14
Let k be ((-4)/3)/((-2)/15). Let z = 32 - 27. Suppose -z*n + 5 = -k. Calculate the highest common divisor of n and 12.
3
Let z = 3 + -3. Suppose z = -4*i - i + 25, 3*i + 31 = 2*y. Suppose 20 = -0*d - 4*d, -4*d = 5*f - 440. What is the highest common divisor of y and f?
23
Suppose -r = 4*r - 15. Suppose -r = -3*o - 0. What is the highest common factor of 7 and o?
1
Let t(l) = -l**2 - 8*l - 5. Let h = 5 + -12. Let k be t(h). Suppose -76 = -k*q + 4*w, -4*q + w + 94 = -q. Calculate the highest common factor of q and 75.
15
Let q = 15 + -10. What is the greatest common factor of q and 55?
5
Suppose 0 = -y - 2*r + 7, -5*y = 3*r - r - 3. Let j be y/(-6) - (-1055)/6. Calculate the highest common factor of j and 22.
22
Let y = 11 + -7. Suppose 0 = y*f + g - 38, 7*g - 2*g = -f. Calculate the highest common factor of 15 and f.
5
Let k = 1 + 2. Suppose -15 = -3*t + k*u - 0*u, 2*t = -u - 5. Suppose 0 = -t*s + s - 24. What is the highest common divisor of 6 and s?
6
Suppose 33 = 3*r - 3. Suppose 3*z = z + r. What is the greatest common divisor of 4 and z?
2
Suppose 2*w = -8, -2*z - 3*w - 84 = -0*w. Let s = z - -51. Calculate the greatest common factor of s and 120.
15
Suppose -57 = -3*k + 27. Calculate the greatest common factor of 70 and k.
14
Suppose 0 = -12*f - 2*f + 140. Calculate the highest common factor of 20 and f.
10
Suppose 5*j - 250 = -0. Suppose -2*c + 19 = -f, f + 28 = 3*c - f. What is the greatest common factor of c and j?
10
